at is the units digit of 44928974?
4
What is the ten thousands digit of 2328663895?
6
What is the hundred millions digit of 908145109?
9
What is the hundred thousands digit of 47442744?
4
What is the thousands digit of 29125584?
5
What is the hundred millions digit of 190138079?
1
What is the ten millions digit of 100981485?
0
What is the thousands digit of 3589604393?
4
What is the hundred millions digit of 4069000943?
0
What is the hundred thousands digit of 167461341?
4
What is the thousands digit of 5475437569?
7
What is the tens digit of 108805275?
7
What is the units digit of 35730624?
4
What is the tens digit of 30194528?
2
What is the hundred thousands digit of 241731?
2
What is the hundred thousands digit of 27195049?
1
What is the units digit of 43045110?
0
What is the millions digit of 8348686695?
8
What is the units digit of 367238410?
0
What is the ten millions digit of 65816125?
6
What is the ten thousands digit of 8252057377?
5
What is the hundred thousands digit of 16633539?
6
What is the thousands digit of 347004215?
4
What is the thousands digit of 157857707?
7
What is the hundred millions digit of 3252774190?
2
What is the hundreds digit of 103212204?
2
What is the hundred millions digit of 1000146073?
0
What is the units digit of 4786771167?
7
What is the millions digit of 44456285?
4
What is the thousands digit of 124219169?
9
What is the tens digit of 1662915111?
1
What is the ten millions digit of 1637869514?
3
What is the hundred thousands digit of 3083535007?
5
What is the hundred thousands digit of 363966462?
9
What is the tens digit of 171309338?
3
What is the ten millions digit of 3204125351?
0
What is the ten millions digit of 6792985981?
9
What is the ten thousands digit of 1613611863?
1
What is the thousands digit of 109999758?
9
What is the ten millions digit of 792219213?
9
What is the millions digit of 45089111?
5
What is the hundred millions digit of 660426335?
6
What is the thousands digit of 117600614?
0
What is the millions digit of 13341690?
3
What is the hundred thousands digit of 163891552?
8
What is the ten millions digit of 433649729?
3
What is the hundreds digit of 111567909?
9
What is the ten thousands digit of 488368601?
6
What is the tens digit of 89251777?
7
What is the hundreds digit of 51690061?
0
What is the units digit of 18305509?
9
What is the hundred thousands digit of 257959793?
9
What is the hundred millions digit of 121838496?
1
What is the units digit of 372498239?
9
What is the thousands digit of 314231412?
1
What is the ten millions digit of 649599068?
4
What is the hundred thousands digit of 31123902?
1
What is the hundred thousands digit of 324889474?
8
What is the hundreds digit of 102042336?
3
What is the thousands digit of 40285634?
5
What is the ten millions digit of 37349250?
3
What is the hundreds digit of 91943090?
0
What is the hundreds digit of 89368319?
3
What is the thousands digit of 14726265?
6
What is the millions digit of 1894669802?
4
What is the ten thousands digit of 53197809?
9
What is the units digit of 1560169131?
1
What is the hundreds digit of 123642823?
8
What is the tens digit of 112377821?
2
What is the ten millions digit of 595464509?
9
What is the hundred thousands digit of 1331686580?
6
What is the tens digit of 34393183?
8
What is the tens digit of 872877975?
7
What is the thousands digit of 764906466?
6
What is the units digit of 464131187?
7
What is the thousands digit of 51669754?
9
What is the tens digit of 142785586?
8
What is the ten thousands digit of 286603618?
0
What is the thousands digit of 50978563?
8
What is the ten millions digit of 731348713?
3
What is the hundreds digit of 10884101?
1
What is the hundred thousands digit of 1779380551?
3
What is the thousands digit of 3174732551?
2
What is the tens digit of 4182462696?
9
What is the tens digit of 153569915?
1
What is the thousands digit of 908501353?
1
What is the millions digit of 4597925601?
7
What is the millions digit of 36214443?
6
What is the ten thousands digit of 56426687?
2
What is the billions digit of 1123402488?
1
What is the tens digit of 8541147?
4
What is the ten millions digit of 552520955?
5
What is the ten thousands digit of 38568989?
6
What is the millions digit of 133917617?
3
What is the ten thousands digit of 333538978?
3
What is the tens digit of 2599254774?
7
What is the units digit of 174711827?
7
What is the units digit of 945465077?
7
What is the hundred thousands digit of 121739770?
7
What is the ten thousands digit of 149842919?
4
What is the units digit of 202101200?
0
What is the units digit of 73508478?
8
What is the hundreds digit of 1810920670?
6
What is the units digit of 201932664?
4
What is the thousands digit of 239503468?
3
What is the tens digit of 19513911?
1
What is the millions digit of 664728969?
4
What is the units digit of 20376947?
7
What is the billions digit of 1009772318?
1
What is the hundred thousands digit of 83258638?
2
What is the ten millions digit of 568948558?
6
What is the hundreds digit of 48382742?
7
What is the hundred thousands digit of 583174922?
1
What is the millions digit of 201660862?
1
What is the units digit of 221786534?
4
What is the hundreds digit of 351569502?
5
What is the ten millions digit of 54917748?
5
What is the ten thousands digit of 1904982906?
8
What is the ten thousands digit of 5005929191?
2
What is the hundred thousands digit of 53933825?
9
What is the hundred thousands digit of 663358445?
3
What is the hundreds digit of 562839635?
6
What is the ten millions digit of 183332934?
8
What is the tens digit of 43886404?
0
What is the ten millions digit of 206594481?
0
What is the hundred thousands digit of 45335905?
3
What is the hundred millions digit of 1543499811?
5
What is the ten thousands digit of 3711482676?
8
What is the tens digit of 189730546?
4
What is the ten millions digit of 989069787?
8
What is the thousands digit of 243375353?
5
What is the millions digit of 237406276?
7
What is the hundreds digit of 322403696?
6
What is the ten thousands digit of 626201922?
0
What is the tens digit of 106714151?
5
What is the hundred millions digit of 7796304430?
7
What is the thousands digit of 5794881341?
1
What is the ten thousands digit of 14207727?
0
What is the hundreds digit of 136110320?
3
What is the units digit of 2590048733?
3
What is the hundreds digit of 676468?
4
What is the units digit of 89542723?
3
What is the ten thousands digit of 276597665?
9
What is the units digit of 3887313618?
8
What is the units digit of 129197041?
1
What is the tens digit of 42157425?
2
What is the ten thousands digit of 368749723?
4
What is the units digit of 802258658?
8
What is the units digit of 38369246?
6
What is the hundred millions digit of 3011739720?
0
What is the hundreds digit of 4610845252?
2
What is the millions digit of 66601206?
6
What is the thousands digit of 185110351?
0
What is the ten millions digit of 131028530?
3
What is the tens digit of 1730073305?
0
What is the millions digit of 80568354?
0
What is the ten millions digit of 85417403?
8
What is the hundred thousands digit of 59212733?
2
What is the ten thousands digit of 1809703376?
0
What is the hundreds digit of 816881972?
9
What is the ten millions digit of 127533688?
2
What is the ten thousands digit of 454630592?
3
What is the hundred thousands digit of 39883873?
8
What is the millions digit of 477032626?
7
What is the thousands digit of 728307128?
7
What is the units digit of 245671656?
6
What is the tens digit of 7485459?
5
What is the thousands digit of 323777571?
7
What is the hundred millions digit of 250955804?
2
What is the billions digit of 2184086288?
2
What is the tens digit of 595936219?
1
What is the hundred thousands digit of 36409063?
4
What is the hundred millions digit of 204647924?
2
What is the hundreds digit of 98281256?
2
What is the units digit of 1137296182?
2
What is the tens digit of 420221189?
8
What is the hundreds digit of 1508060945?
9
What is the hundred thousands digit of 270651227?
6
What is the units digit of 24730507?
7
What is the tens digit of 21736367?
6
What is the units digit of 187356127?
7
What is the hundred thousands digit of 938444186?
4
What is the tens digit of 48740441?
4
What is the t